{"id":1077,"date":"2020-09-09T12:52:33","date_gmt":"2020-09-09T15:52:33","guid":{"rendered":"https:\/\/ftaabecar.org\/?page_id=1077"},"modified":"2020-09-14T11:27:44","modified_gmt":"2020-09-14T14:27:44","slug":"historia-2","status":"publish","type":"page","link":"https:\/\/ftaabecar.org\/index.php\/historia-2\/","title":{"rendered":"Hist\u00f3ria"},"content":{"rendered":"\t\t<div data-elementor-type=\"wp-post\" data-elementor-id=\"1077\" class=\"elementor elementor-1077\">\n\t\t\t\t\t\t<section class=\"elementor-section elementor-top-section elementor-element elementor-element-99db27b elementor-section-content-bottom elementor-section-boxed elementor-section-height-default elementor-section-height-default\" data-id=\"99db27b\" data-element_type=\"section\" data-settings=\"{&quot;background_background&quot;:&quot;classic&quot;}\">\n\t\t\t\t\t\t\t<div class=\"elementor-background-overlay\"><\/div>\n\t\t\t\t\t\t\t<div class=\"elementor-container elementor-column-gap-extended\">\n\t\t\t\t\t<div class=\"elementor-column elementor-col-100 elementor-top-column elementor-element elementor-element-7bfd155f\" data-id=\"7bfd155f\" data-element_type=\"column\">\n\t\t\t<div class=\"elementor-widget-wrap elementor-element-populated\">\n\t\t\t\t\t\t<div class=\"elementor-element elementor-element-341a1b19 elementor-widget elementor-widget-heading\" data-id=\"341a1b19\" data-element_type=\"widget\" data-widget_type=\"heading.default\">\n\t\t\t\t<div class=\"elementor-widget-container\">\n\t\t\t\t\t<h1 class=\"elementor-heading-title elementor-size-default\">Hist\u00f3ria<\/h1>\t\t\t\t<\/div>\n\t\t\t\t<\/div>\n\t\t\t\t\t<\/div>\n\t\t<\/div>\n\t\t\t\t\t<\/div>\n\t\t<\/section>\n\t\t\t\t<section class=\"elementor-section elementor-top-section elementor-element elementor-element-e8e4bc2 elementor-section-boxed elementor-section-height-default elementor-section-height-default\" data-id=\"e8e4bc2\" data-element_type=\"section\" data-settings=\"{&quot;background_background&quot;:&quot;classic&quot;}\">\n\t\t\t\t\t\t<div class=\"elementor-container elementor-column-gap-default\">\n\t\t\t\t\t<div class=\"elementor-column elementor-col-100 elementor-top-column elementor-element elementor-element-f13d203\" data-id=\"f13d203\" data-element_type=\"column\">\n\t\t\t<div class=\"elementor-widget-wrap elementor-element-populated\">\n\t\t\t\t\t\t<div class=\"elementor-element elementor-element-2e0024ca elementor-widget elementor-widget-text-editor\" data-id=\"2e0024ca\" data-element_type=\"widget\" data-widget_type=\"text-editor.default\">\n\t\t\t\t<div class=\"elementor-widget-container\">\n\t\t\t\t\t\t\t\t\t<p><img fetchpriority=\"high\" decoding=\"async\" class=\"alignnone size-medium wp-image-1127\" src=\"https:\/\/ftaabecar.org\/wp-content\/uploads\/2020\/09\/WhatsApp-Image-2020-09-14-at-11.25.01-300x266.jpeg\" alt=\"\" width=\"300\" height=\"266\" srcset=\"https:\/\/ftaabecar.org\/wp-content\/uploads\/2020\/09\/WhatsApp-Image-2020-09-14-at-11.25.01-300x266.jpeg 300w, https:\/\/ftaabecar.org\/wp-content\/uploads\/2020\/09\/WhatsApp-Image-2020-09-14-at-11.25.01.jpeg 544w\" sizes=\"(max-width: 300px) 100vw, 300px\" \/><\/p><p>A A.B.E.C.A.R. (Associa\u00e7\u00e3o Brasileira de Ensino, Cultura, Assist\u00eancia e Religi\u00e3o), foi fundada em 1958 como MISS\u00c3O<\/p><p><span style=\"font-size: 12.768000602722168px;\">A vis\u00e3o do casal fundador foi estabelecer no Brasil um local onde se prepara obreiros evang\u00e9licos como l\u00edderes qualificados para atender o clamor da grande Seara brasileira carente da mensagem do Evangelho do Senhor Jesus Cristo. Para tal desafio foi adquirida uma bela propriedade de 10 alqueires encravada na pitoresca Serra do Itapeti, na cidade de Mogi das Cruzes no Estado de S\u00e3o Paulo.<\/span><\/p><p>Logo iniciou-se a gigantesca tarefa de jardinar a propriedade, levantar as instala\u00e7\u00f5es e programar v\u00e1rios minist\u00e9rios que hoje s\u00e3o conhecidos em todo o Brasil, e com representa\u00e7\u00e3o atual em 16 pa\u00edses no Exterior, inclusive nos Estados Unidos. Rev. Willis Stitt e sua esposa Neusa R.Stitt foram jubilados em Setembro de 2012. Ambos continuam servindo ao Senhor na Igreja B\u00edblica Brasileira e na evangeliza\u00e7\u00e3o.\u00a0<\/p>\t\t\t\t\t\t\t\t<\/div>\n\t\t\t\t<\/div>\n\t\t\t\t\t<\/div>\n\t\t<\/div>\n\t\t\t\t\t<\/div>\n\t\t<\/section>\n\t\t\t\t<\/div>\n\t\t","protected":false},"excerpt":{"rendered":"<p>Hist\u00f3ria A A.B.E.C.A.R. (Associa\u00e7\u00e3o Brasileira de Ensino, Cultura, Assist\u00eancia e Religi\u00e3o), foi fundada em 1958 como MISS\u00c3O A vis\u00e3o do casal fundador foi estabelecer no Brasil um local onde se prepara obreiros evang\u00e9licos como l\u00edderes qualificados para atender o clamor da grande Seara brasileira carente da mensagem do Evangelho do Senhor Jesus Cristo. Para tal [&hellip;]<\/p>\n","protected":false},"author":1,"featured_media":0,"parent":0,"menu_order":0,"comment_status":"closed","ping_status":"closed","template":"","meta":{"site-sidebar-layout":"no-sidebar","site-content-layout":"page-builder","ast-site-content-layout":"","site-content-style":"default","site-sidebar-style":"default","ast-global-header-display":"","ast-banner-title-visibility":"","ast-main-header-display":"","ast-hfb-above-header-display":"","ast-hfb-below-header-display":"","ast-hfb-mobile-header-display":"","site-post-title":"disabled","ast-breadcrumbs-content":"","ast-featured-img":"disabled","footer-sml-layout":"","theme-transparent-header-meta":"","adv-header-id-meta":"","stick-header-meta":"","header-above-stick-meta":"","header-main-stick-meta":"","header-below-stick-meta":"","astra-migrate-meta-layouts":"default","ast-page-background-enabled":"default","ast-page-background-meta":{"desktop":{"background-color":"var(--ast-global-color-4)","background-image":"","background-repeat":"repeat","background-position":"center center","background-size":"auto","background-attachment":"scroll","background-type":"","background-media":"","overlay-type":"","overlay-color":"","overlay-opacity":"","overlay-gradient":""},"tablet":{"background-color":"","background-image":"","background-repeat":"repeat","background-position":"center center","background-size":"auto","background-attachment":"scroll","background-type":"","background-media":"","overlay-type":"","overlay-color":"","overlay-opacity":"","overlay-gradient":""},"mobile":{"background-color":"","background-image":"","background-repeat":"repeat","background-position":"center center","background-size":"auto","background-attachment":"scroll","background-type":"","background-media":"","overlay-type":"","overlay-color":"","overlay-opacity":"","overlay-gradient":""}},"ast-content-background-meta":{"desktop":{"background-color":"var(--ast-global-color-5)","background-image":"","background-repeat":"repeat","background-position":"center center","background-size":"auto","background-attachment":"scroll","background-type":"","background-media":"","overlay-type":"","overlay-color":"","overlay-opacity":"","overlay-gradient":""},"tablet":{"background-color":"var(--ast-global-color-5)","background-image":"","background-repeat":"repeat","background-position":"center center","background-size":"auto","background-attachment":"scroll","background-type":"","background-media":"","overlay-type":"","overlay-color":"","overlay-opacity":"","overlay-gradient":""},"mobile":{"background-color":"var(--ast-global-color-5)","background-image":"","background-repeat":"repeat","background-position":"center center","background-size":"auto","background-attachment":"scroll","background-type":"","background-media":"","overlay-type":"","overlay-color":"","overlay-opacity":"","overlay-gradient":""}},"_joinchat":[],"footnotes":""},"class_list":["post-1077","page","type-page","status-publish","hentry"],"yoast_head":"<!-- This site is optimized with the Yoast SEO plugin v24.1 - https:\/\/yoast.com\/wordpress\/plugins\/seo\/ -->\n<title>Hist\u00f3ria - Faculdade Teol\u00f3gica Abecar<\/title>\n<meta name=\"robots\" content=\"index, follow, max-snippet:-1, max-image-preview:large, max-video-preview:-1\" \/>\n<link rel=\"canonical\" href=\"https:\/\/ftaabecar.org\/index.php\/historia-2\/\" \/>\n<meta property=\"og:locale\" content=\"pt_BR\" \/>\n<meta property=\"og:type\" content=\"article\" \/>\n<meta property=\"og:title\" content=\"Hist\u00f3ria - Faculdade Teol\u00f3gica Abecar\" \/>\n<meta property=\"og:description\" content=\"Hist\u00f3ria A A.B.E.C.A.R. (Associa\u00e7\u00e3o Brasileira de Ensino, Cultura, Assist\u00eancia e Religi\u00e3o), foi fundada em 1958 como MISS\u00c3O A vis\u00e3o do casal fundador foi estabelecer no Brasil um local onde se prepara obreiros evang\u00e9licos como l\u00edderes qualificados para atender o clamor da grande Seara brasileira carente da mensagem do Evangelho do Senhor Jesus Cristo. Para tal [&hellip;]\" \/>\n<meta property=\"og:url\" content=\"https:\/\/ftaabecar.org\/index.php\/historia-2\/\" \/>\n<meta property=\"og:site_name\" content=\"Faculdade Teol\u00f3gica Abecar\" \/>\n<meta property=\"article:publisher\" content=\"https:\/\/www.facebook.com\/ftaabecar\" \/>\n<meta property=\"article:modified_time\" content=\"2020-09-14T14:27:44+00:00\" \/>\n<meta property=\"og:image\" content=\"https:\/\/ftaabecar.org\/wp-content\/uploads\/2020\/09\/WhatsApp-Image-2020-09-14-at-11.25.01-300x266.jpeg\" \/>\n<meta name=\"twitter:card\" content=\"summary_large_image\" \/>\n<meta name=\"twitter:label1\" content=\"Est. tempo de leitura\" \/>\n\t<meta name=\"twitter:data1\" content=\"1 minuto\" \/>\n<script type=\"application\/ld+json\" class=\"yoast-schema-graph\">{\"@context\":\"https:\/\/schema.org\",\"@graph\":[{\"@type\":\"WebPage\",\"@id\":\"https:\/\/ftaabecar.org\/index.php\/historia-2\/\",\"url\":\"https:\/\/ftaabecar.org\/index.php\/historia-2\/\",\"name\":\"Hist\u00f3ria - Faculdade Teol\u00f3gica Abecar\",\"isPartOf\":{\"@id\":\"https:\/\/ftaabecar.org\/#website\"},\"primaryImageOfPage\":{\"@id\":\"https:\/\/ftaabecar.org\/index.php\/historia-2\/#primaryimage\"},\"image\":{\"@id\":\"https:\/\/ftaabecar.org\/index.php\/historia-2\/#primaryimage\"},\"thumbnailUrl\":\"https:\/\/ftaabecar.org\/wp-content\/uploads\/2020\/09\/WhatsApp-Image-2020-09-14-at-11.25.01-300x266.jpeg\",\"datePublished\":\"2020-09-09T15:52:33+00:00\",\"dateModified\":\"2020-09-14T14:27:44+00:00\",\"breadcrumb\":{\"@id\":\"https:\/\/ftaabecar.org\/index.php\/historia-2\/#breadcrumb\"},\"inLanguage\":\"pt-BR\",\"potentialAction\":[{\"@type\":\"ReadAction\",\"target\":[\"https:\/\/ftaabecar.org\/index.php\/historia-2\/\"]}]},{\"@type\":\"ImageObject\",\"inLanguage\":\"pt-BR\",\"@id\":\"https:\/\/ftaabecar.org\/index.php\/historia-2\/#primaryimage\",\"url\":\"https:\/\/ftaabecar.org\/wp-content\/uploads\/2020\/09\/WhatsApp-Image-2020-09-14-at-11.25.01-300x266.jpeg\",\"contentUrl\":\"https:\/\/ftaabecar.org\/wp-content\/uploads\/2020\/09\/WhatsApp-Image-2020-09-14-at-11.25.01-300x266.jpeg\"},{\"@type\":\"BreadcrumbList\",\"@id\":\"https:\/\/ftaabecar.org\/index.php\/historia-2\/#breadcrumb\",\"itemListElement\":[{\"@type\":\"ListItem\",\"position\":1,\"name\":\"In\u00edcio\",\"item\":\"https:\/\/ftaabecar.org\/\"},{\"@type\":\"ListItem\",\"position\":2,\"name\":\"Hist\u00f3ria\"}]},{\"@type\":\"WebSite\",\"@id\":\"https:\/\/ftaabecar.org\/#website\",\"url\":\"https:\/\/ftaabecar.org\/\",\"name\":\"Faculdade Teol\u00f3gica Abecar\",\"description\":\"Mais perto de voc\u00ea\",\"publisher\":{\"@id\":\"https:\/\/ftaabecar.org\/#organization\"},\"potentialAction\":[{\"@type\":\"SearchAction\",\"target\":{\"@type\":\"EntryPoint\",\"urlTemplate\":\"https:\/\/ftaabecar.org\/?s={search_term_string}\"},\"query-input\":{\"@type\":\"PropertyValueSpecification\",\"valueRequired\":true,\"valueName\":\"search_term_string\"}}],\"inLanguage\":\"pt-BR\"},{\"@type\":\"Organization\",\"@id\":\"https:\/\/ftaabecar.org\/#organization\",\"name\":\"Faculdade Teol\u00f3gica Abecar\",\"url\":\"https:\/\/ftaabecar.org\/\",\"logo\":{\"@type\":\"ImageObject\",\"inLanguage\":\"pt-BR\",\"@id\":\"https:\/\/ftaabecar.org\/#\/schema\/logo\/image\/\",\"url\":\"https:\/\/ftaabecar.org\/wp-content\/uploads\/2022\/06\/Como-Estudar-2.png\",\"contentUrl\":\"https:\/\/ftaabecar.org\/wp-content\/uploads\/2022\/06\/Como-Estudar-2.png\",\"width\":1080,\"height\":1080,\"caption\":\"Faculdade Teol\u00f3gica Abecar\"},\"image\":{\"@id\":\"https:\/\/ftaabecar.org\/#\/schema\/logo\/image\/\"},\"sameAs\":[\"https:\/\/www.facebook.com\/ftaabecar\",\"https:\/\/www.instagram.com\/ftaabecar\/\"]}]}<\/script>\n<!-- \/ Yoast SEO plugin. -->","yoast_head_json":{"title":"Hist\u00f3ria - Faculdade Teol\u00f3gica Abecar","robots":{"index":"index","follow":"follow","max-snippet":"max-snippet:-1","max-image-preview":"max-image-preview:large","max-video-preview":"max-video-preview:-1"},"canonical":"https:\/\/ftaabecar.org\/index.php\/historia-2\/","og_locale":"pt_BR","og_type":"article","og_title":"Hist\u00f3ria - Faculdade Teol\u00f3gica Abecar","og_description":"Hist\u00f3ria A A.B.E.C.A.R. (Associa\u00e7\u00e3o Brasileira de Ensino, Cultura, Assist\u00eancia e Religi\u00e3o), foi fundada em 1958 como MISS\u00c3O A vis\u00e3o do casal fundador foi estabelecer no Brasil um local onde se prepara obreiros evang\u00e9licos como l\u00edderes qualificados para atender o clamor da grande Seara brasileira carente da mensagem do Evangelho do Senhor Jesus Cristo. Para tal [&hellip;]","og_url":"https:\/\/ftaabecar.org\/index.php\/historia-2\/","og_site_name":"Faculdade Teol\u00f3gica Abecar","article_publisher":"https:\/\/www.facebook.com\/ftaabecar","article_modified_time":"2020-09-14T14:27:44+00:00","og_image":[{"url":"https:\/\/ftaabecar.org\/wp-content\/uploads\/2020\/09\/WhatsApp-Image-2020-09-14-at-11.25.01-300x266.jpeg","type":"","width":"","height":""}],"twitter_card":"summary_large_image","twitter_misc":{"Est. tempo de leitura":"1 minuto"},"schema":{"@context":"https:\/\/schema.org","@graph":[{"@type":"WebPage","@id":"https:\/\/ftaabecar.org\/index.php\/historia-2\/","url":"https:\/\/ftaabecar.org\/index.php\/historia-2\/","name":"Hist\u00f3ria - Faculdade Teol\u00f3gica Abecar","isPartOf":{"@id":"https:\/\/ftaabecar.org\/#website"},"primaryImageOfPage":{"@id":"https:\/\/ftaabecar.org\/index.php\/historia-2\/#primaryimage"},"image":{"@id":"https:\/\/ftaabecar.org\/index.php\/historia-2\/#primaryimage"},"thumbnailUrl":"https:\/\/ftaabecar.org\/wp-content\/uploads\/2020\/09\/WhatsApp-Image-2020-09-14-at-11.25.01-300x266.jpeg","datePublished":"2020-09-09T15:52:33+00:00","dateModified":"2020-09-14T14:27:44+00:00","breadcrumb":{"@id":"https:\/\/ftaabecar.org\/index.php\/historia-2\/#breadcrumb"},"inLanguage":"pt-BR","potentialAction":[{"@type":"ReadAction","target":["https:\/\/ftaabecar.org\/index.php\/historia-2\/"]}]},{"@type":"ImageObject","inLanguage":"pt-BR","@id":"https:\/\/ftaabecar.org\/index.php\/historia-2\/#primaryimage","url":"https:\/\/ftaabecar.org\/wp-content\/uploads\/2020\/09\/WhatsApp-Image-2020-09-14-at-11.25.01-300x266.jpeg","contentUrl":"https:\/\/ftaabecar.org\/wp-content\/uploads\/2020\/09\/WhatsApp-Image-2020-09-14-at-11.25.01-300x266.jpeg"},{"@type":"BreadcrumbList","@id":"https:\/\/ftaabecar.org\/index.php\/historia-2\/#breadcrumb","itemListElement":[{"@type":"ListItem","position":1,"name":"In\u00edcio","item":"https:\/\/ftaabecar.org\/"},{"@type":"ListItem","position":2,"name":"Hist\u00f3ria"}]},{"@type":"WebSite","@id":"https:\/\/ftaabecar.org\/#website","url":"https:\/\/ftaabecar.org\/","name":"Faculdade Teol\u00f3gica Abecar","description":"Mais perto de voc\u00ea","publisher":{"@id":"https:\/\/ftaabecar.org\/#organization"},"potentialAction":[{"@type":"SearchAction","target":{"@type":"EntryPoint","urlTemplate":"https:\/\/ftaabecar.org\/?s={search_term_string}"},"query-input":{"@type":"PropertyValueSpecification","valueRequired":true,"valueName":"search_term_string"}}],"inLanguage":"pt-BR"},{"@type":"Organization","@id":"https:\/\/ftaabecar.org\/#organization","name":"Faculdade Teol\u00f3gica Abecar","url":"https:\/\/ftaabecar.org\/","logo":{"@type":"ImageObject","inLanguage":"pt-BR","@id":"https:\/\/ftaabecar.org\/#\/schema\/logo\/image\/","url":"https:\/\/ftaabecar.org\/wp-content\/uploads\/2022\/06\/Como-Estudar-2.png","contentUrl":"https:\/\/ftaabecar.org\/wp-content\/uploads\/2022\/06\/Como-Estudar-2.png","width":1080,"height":1080,"caption":"Faculdade Teol\u00f3gica Abecar"},"image":{"@id":"https:\/\/ftaabecar.org\/#\/schema\/logo\/image\/"},"sameAs":["https:\/\/www.facebook.com\/ftaabecar","https:\/\/www.instagram.com\/ftaabecar\/"]}]}},"_links":{"self":[{"href":"https:\/\/ftaabecar.org\/index.php\/wp-json\/wp\/v2\/pages\/1077","targetHints":{"allow":["GET"]}}],"collection":[{"href":"https:\/\/ftaabecar.org\/index.php\/wp-json\/wp\/v2\/pages"}],"about":[{"href":"https:\/\/ftaabecar.org\/index.php\/wp-json\/wp\/v2\/types\/page"}],"author":[{"embeddable":true,"href":"https:\/\/ftaabecar.org\/index.php\/wp-json\/wp\/v2\/users\/1"}],"replies":[{"embeddable":true,"href":"https:\/\/ftaabecar.org\/index.php\/wp-json\/wp\/v2\/comments?post=1077"}],"version-history":[{"count":0,"href":"https:\/\/ftaabecar.org\/index.php\/wp-json\/wp\/v2\/pages\/1077\/revisions"}],"wp:attachment":[{"href":"https:\/\/ftaabecar.org\/index.php\/wp-json\/wp\/v2\/media?parent=1077"}],"curies":[{"name":"wp","href":"https:\/\/api.w.org\/{rel}","templated":true}]}}